 q a composite number?
True
Let b(i) = 19*i**2 - 5*i - 5. Let l(p) = -3*p**2 - p + 2. Let x(h) = b(h) + 6*l(h). Let d(g) = -g**3 + 5*g**2 + 3*g + 5. Let o be d(5). Is x(o) prime?
False
Let p(r) = 2*r**2 + 3*r - 16. Let d(q) = -7*q**2 - 11*q + 64. Let v(h) = 2*d(h) + 9*p(h). Let t = 14 - 5. Is v(t) prime?
True
Suppose 24*d = 7*d + 51. Let g(i) = 2667*i + 52. Is g(d) prime?
True
Let o(c) = 12*c - 55. Let k be o(5). Suppose -25 = k*s, -d + 4065 = 2*s - 1516. Is d composite?
False
Let i(p) = 8*p + 38. Let k be (3/2 + -2)*-2 + -17. Let w be i(k). Let t = -83 - w. Is t prime?
True
Let d(s) = -s**3 + 19*s**2 + 22*s + 41. Let x be d(20). Suppose x*f - 1494 = 75*f. Is f prime?
False
Let h(j) = 2*j**3 - 73*j**2 + 30*j - 26. Is h(41) a prime number?
True
Let c(p) = 1252*p**3 + p**2 + 2*p. Let a be c(-1). Let h = a + 2799. Is h prime?
False
Suppose 0 = -2*y + 5*l + 94478, -75*y + 4*l - 189012 = -79*y. Is y composite?
True
Let x be 1/(-1 - 30/(-25)). Suppose x*w = -t + 54, 26 = 4*w - t - 10. Let c(k) = -k**3 + 11*k**2 - 2*k - 3. Is c(w) a composite number?
True
Let f = 1412129 + -763610. Is f a composite number?
True
Let w(d) be the second derivative of d**4/6 + 5*d**3 - d**2/2 + 23*d - 3. Is w(-31) composite?
False
Let u(z) = -z**2 - 10*z - 9. Let d = -12 - -3. Let b be u(d). Suppose b = -3*c - 0*c + 1335. Is c a prime number?
False
Let t = 41854 + 167949. Is t a composite number?
True
Let t be 22173/4 + (-36)/(-48). Let p = t - 2725. Is p a composite number?
False
Let n(p) = 199*p**2 - 6*p - 7. Let m be n(-3). Suppose -4*f + m = 2*j, 4*j + 3*f + 234 = 3833. Let t = 1350 - j. Is t prime?
False
Suppose 648*g = 578*g + 53009810. Is g a composite number?
True
Let s(f) = 1585*f - 1376. Is s(7) composite?
False
Let h be (-396)/8*(-4)/(-6). Is -1585*(2 + h/15) a prime number?
True
Let r(i) = -88*i - 4602. Let c be r(-57). Let a be 0 - (-1636 - (1 + 0)). Let q = c + a. Is q a prime number?
False
Let d(l) = -3*l**3 - 4*l**2 - 9*l - 8. Let i be d(-6). Let c(a) = -2*a**3 - 12*a**2 - 20*a + 17. Let n be c(-7). Suppose n + i = 5*r. Is r a composite number?
True
Let h(c) = -2*c**3 - 55*c**2 + 42*c - 313. Is h(-30) a composite number?
False
Is 101/(-33) - -3 - 1634129/(-33) a prime number?
False
Suppose 4*y - 6*y = 3*f - 170679, 5*f = -6*y + 284473. Is f composite?
False
Let m be 21018/(-14) - 3*18/(-189). Let u = m + 2372. Is u prime?
False
Let j(r) = -r**3 + 4*r**2 + 4. Let b be j(4). Suppose 0 = b*q - 786 - 1378. Is q composite?
False
Let s(k) = 84*k - 34. Let o be s(20). Suppose -4*g = c - 537, -5*g + o = 3*c - 0*g. Is c a composite number?
False
Suppose -934449 = -15*r + 352471 + 338510. Is r a composite number?
True
Suppose 0 = -s + 1, k - 6*k + 527 = -3*s. Let t be (2/2)/((-2)/(-4466)). Suppose -3*m + t = r, r + k - 849 = -m. Is m prime?
False
Let v be 18/15*(-45)/18. Is (81/3)/v - -8228 a composite number?
False
Let f be (1/2)/(4/24). Is (-1167572)/(-230) + f/5 a composite number?
False
Is (-2)/5 - (-5197205)/325 a prime number?
True
Let u be (-1 + (-8)/4)/(2/4). Is (3638/u)/((-13)/39) prime?
False
Suppose 0 = -2*g + 5*j - 1933, -5*g - 6*j + 5*j = 4846. Let l = 2302 - g. Is l a prime number?
True
Let a(f) = f**2 - 48*f + 42. Let s = -349 + 324. Is a(s) a prime number?
True
Let h(f) = 112*f**2 + 9*f - 995. Is h(-28) composite?
False
Suppose 24*j = 34*j - 326130. Suppose -12*t - j = -19*t. Is t composite?
True
Let d = -589236 - -1153249. Is d composite?
False
Suppose 2*f = -q, -2*q + 8 = -f - 3*f. Suppose h = -5*w + 5*h + 57949, -4*w = -q*h - 46364. Is w composite?
False
Let q be ((-284)/6)/(4/6). Let b(o) = -5*o - 57. Let c be b(-13). Is 2*q/c*(2 - 46) a composite number?
True
Let s(q) = 1175*q**2 + 326*q + 5631. Is s(-20) a composite number?
True
Let f(w) = 83*w**2 + 73*w + 30. Let l be f(26). Suppose 2*a - 9463 = 4*m + 19555, 4*a + 5*m = l. Is a prime?
False
Let v = 547603 - 246480. Is v a composite number?
False
Suppose -4*n + 9*n = 30. Suppose 5*v + 1748 + 2672 = i, -n = -3*v. Suppose 0 = -c - c + i. Is c prime?
False
Let p be -1 - ((5 - 2)*-1 + 2). Suppose 0 = 2*g - 2*a - 10, p = 5*g - 4*a - 4 - 16. Suppose 2*o - 180 = -4*j, o - 6*o - 10 = g. Is j composite?
True
Let c be (5/(-3))/((-1)/(-51)). Let u = c - -21. Let m = 245 + u. Is m a composite number?
False
Let w(b) = 315*b**2 - 3*b. Let z be w(-4). Let t = -1459 + z. Is t composite?
False
Suppose 0 = 4*m + 4*w, 3*m - 4*w + w - 6 = 0. Suppose u = -m, 3*t - 3*u = u + 31. Let o(d) = 97*d - 2. Is o(t) composite?
True
Let v(a) be the first derivative of 46*a**3/3 + 7*a**2/2 - 287*a - 155. Is v(12) prime?
True
Suppose -5*f = -3*k + 167676 - 31452, 0 = 4*k - 5*f - 181642. Is k composite?
True
Let t = 154 + -149. Suppose 0 = t*n, 4*h = -n - 0*n + 8. Let a(u) = 950*u + 9. Is a(h) a prime number?
False
Suppose 3*b - 159*x = -157*x + 1276295, -5*b + 4*x = -2127161. Is b a composite number?
True
Let q be 2/(8/12)*931/(-21). Let i = 840 + q. Is i a prime number?
False
Let c(g) = 5557*g**3 - 21*g**2 + 34*g + 9. Is c(2) prime?
True
Suppose -15*q - 1557654 = -2263475 - 3178864. Is q prime?
False
Suppose -8*l + 3*z + 5702 = -3*l, 2268 = 2*l + 2*z. Suppose 5*r + f = 29, -r - 2*f - f = -17. Suppose 3*p = -r*s + l, 1098 = 4*p - p - 3*s. Is p prime?
False
Suppose -7*c - 24 = -c. Let g be (-1376)/(-40)*(2 + (-42)/c). Suppose 2*r + r + 4*q = 287, 5*r = 3*q + g. Is r a composite number?
False
Let m = 39 - 34. Suppose m*j = i + 2 + 3, -3 = 4*i - 3*j. Is i/(5/(-5)) - -97 a composite number?
False
Let g = -2324 + 3557. Let v = g - 314. Is v prime?
True
Suppose -30 = -2*h - 8. Let x = 53 - h. Suppose 1216 = 2*d + x. Is d prime?
True
Let w = -89 + 81. Let y(g) = 4*g**3 + 20*g**2 + 4*g + 27. Let c(i) = 2*i**3 + 10*i**2 + 2*i + 13. Let s(p) = -5*c(p) + 2*y(p). Is s(w) a prime number?
True
Let j(h) = -10*h - 41*h - 23*h + 10. Let u be j(-3). Suppose -6*x + 3*x = -o + 56, 4*x + u = 4*o. Is o a prime number?
True
Suppose 2*x + 9862439 = 87*x - 6*x. Is x composite?
True
Suppose -22749837 = -134*i + 101*i. Is i composite?
False
Is (-48 - -5686)*(-46)/(-4) composite?
True
Suppose 5*f + 2*v = 11937, -4*v + 0*v = 5*f - 11929. Let t = f - 452. Is t prime?
False
Let a be 4/(4/44224*4). Suppose 4*n + a = 4*w, 2*w - 5*n - 2318 - 3225 = 0. Is w composite?
True
Let r(v) = -15*v**3 - 17*v**2 + 2*v - 43. Let w(c) = -15*c**3 - 17*c**2 + c - 43. Let j(p) = 5*r(p) - 6*w(p). Is j(9) a composite number?
False
Suppose 2*v - 83 = -2*u + 3*u, 5*v = -2*u + 212. Suppose v*s - 40*s = 14284. Is s composite?
True
Suppose 0 = 201*r - 14931149 - 56027680. Is r composite?
True
Suppose -3*h + 7*h + 3 = 3*s, -h = 2*s - 2. Suppose 0 = 2*r + l - 64, h = -4*r + l + 128 + 6. Is r a composite number?
True
Let i be 22*(-18)/(-48)*12/(-3). Is (-3 - i/12) + (-103311)/(-12) prime?
True
Suppose -40*n + 43*n + 4*j = -86, -59 = 2*n + j. Let r(h) = -2*h**3 - 6*h**2 + 6*h + 7. Let a be r(-5). Let s = a + n. Is s composite?
False
Is 1/12 + 45028188/432 + -1 a prime number?
True
Let f(b) = -1377*b**3 - 8*b**2 - 33*b - 17. Is f(-3) a prime number?
True
Suppose -19*i = -3*i - 32. Suppose 6*x + a = i*x + 10398, 0 = -x + 5*a + 2589. Is x prime?
False
Let v be (-962)/(-20) + (-3)/30. Is (-105315)/(-18) + 8/v composite?
False
Let d = -435927 - -1308992. Is d composite?
True
Suppose h = 2*x - 2*h + 652, -3*x - 980 = -4*h. Let b = 663 + x. Suppose p = -78 + b. Is p prime?
False
Suppose -3*g - 149644 = -2*u, 5*u - 110*g = -107*g + 374137. Is u a composite number?
False
Let u(k) = k**3 - 9*k**2 + 38*k - 9. Let o(g) be the first derivative of g**3/3 - 10*g**2 + 16*g - 19. Let w be o(20). Is u(w) prime?
False
Let g(a) = -a**3 - 6*a**2 + 32*a + 23. Let d = -184 - -174. Is g(d) composite?
False
Let o(i) = i**3 - 19*i**2 - 19*i - 9. Let c be 22 - (2 - 3 - -3). Let g be o(c). Let r(x) = 3*x**3 - 16*x**2 + 9*x - 1. Is r(g) composite?
True
Let u be 4*(1 + (-54)/(-8)). Suppose u = 3*q - 44. Suppose -844 = q*g - 29*g. Is g a prime number?
True
Suppose -f + 22 = 30, -330963 = -y + f. Is y prime?
False
Let s = 22 - 19. Suppose r + 5*q + s = 0, -43 = 7*r - 2*r - 3*q. Is 489 + -3*r/(-6) prime?
False
Suppose 253*y + 14 = 260*y. Suppose 2*d - 12*z = -7*z + 7564, -y*z + 3791 = d. Is d prime?
False
Let f = 37 + -32. Suppose g = -4, f = 5*y - g - 9. Suppose x = 5*i + 559, -x = -y*x - 2*i + 559. Is x prime?
F